 -7082237?
708223c
In base 11, what is -3 - -339a8a59?
339a8a56
In base 11, what is 2672 + 982?
3544
In base 14, what is -49bb9a3c - -2?
-49bb9a3a
In base 9, what is 4267406 - -10?
4267416
In base 2, what is 1000101100010111 - -1001010?
1000101101100001
In base 7, what is 236241 + 242?
236513
In base 7, what is 123 + -61040546?
-61040423
In base 13, what is 5659 + -26a38?
-213ac
In base 5, what is 1 - 124224334?
-124224333
In base 8, what is -1 + 27467206?
27467205
In base 2, what is -1001 + -1100111111101010010?
-1100111111101011011
In base 6, what is -342352401 - 0?
-342352401
In base 7, what is -2423315 - -3155?
-2420130
In base 7, what is -13420 + 13112?
-305
In base 9, what is 18 - -1243273?
1243302
In base 14, what is 0 + -49ac42b?
-49ac42b
In base 12, what is 7 + -1117446?
-111743b
In base 2, what is 1010100 + 101101101000101011001?
101101101000110101101
In base 13, what is 5368c744 + 2?
5368c746
In base 2, what is 1000011010000101100101 - -100000?
1000011010000110000101
In base 13, what is -7 + -15103c3?
-15103ca
In base 3, what is 201022220022 - 21021?
201022122001
In base 14, what is -4024 - 226?
-424a
In base 3, what is -1211 + 1101022212202?
1101022210221
In base 12, what is -3081a20 - -5?
-3081a17
In base 2, what is 11111101100000101111000 + 100?
11111101100000101111100
In base 11, what is 8630a16 + -8?
8630a09
In base 5, what is 1 - 1112010424?
-1112010423
In base 14, what is 1c11 + -9714?
-7903
In base 11, what is -24 + -22662a5a?
-22662a83
In base 11, what is 306 - 27201?
-269a6
In base 6, what is 531500155 - 5?
531500150
In base 12, what is b18b5 + 8?
b1901
In base 4, what is -2002012 + 32010?
-1310002
In base 16, what is 3 + 1a25781?
1a25784
In base 4, what is 10011032200 + -1232?
10011030302
In base 15, what is -169d77 + 155?
-169c22
In base 7, what is -30522610331 - 2?
-30522610333
In base 3, what is 210102011 + 20202?
210122220
In base 7, what is -55 - 6056234?
-6056322
In base 2, what is -1110000101 - 10011101111110?
-10101100000011
In base 3, what is -200202211 - 102101200?
-1010011111
In base 15, what is -d137 - -275?
-cdb2
In base 5, what is -3341 + -2121122?
-2130013
In base 6, what is 441142 - -102?
441244
In base 5, what is -2222 + 24112233?
24110011
In base 12, what is 261 - -ab9ab?
b0050
In base 14, what is c1 - 27b9ca?
-27b909
In base 10, what is -223754615 + -1?
-223754616
In base 11, what is -190331 + 3?
-190329
In base 2, what is -11110111010001100 - -1001?
-11110111010000011
In base 16, what is 18d40d - 2?
18d40b
In base 10, what is -18 - 46866?
-46884
In base 2, what is 0 + -10111101110000011110?
-10111101110000011110
In base 15, what is -5c8169e + -2?
-5c816a1
In base 2, what is 1100 + 101000101101101110000?
101000101101101111100
In base 5, what is 241010 + 434344?
1230404
In base 13, what is -7684 + 1a?
-7667
In base 9, what is -525 - 54581?
-55216
In base 3, what is 1101 + 10020202221?
10020211022
In base 5, what is -420 - 421131131?
-421132101
In base 16, what is -1946a + 50?
-1941a
In base 4, what is 10201300233 + -133?
10201300100
In base 3, what is -12212121 + -10112101?
-100101222
In base 10, what is 23100777 + 5?
23100782
In base 13, what is 329a6 + -12?
32994
In base 12, what is 10352 + -347?
10007
In base 7, what is 6421452 + 63?
6421545
In base 9, what is -7028018 + -5?
-7028024
In base 15, what is 28ca56d - -2?
28ca570
In base 9, what is -70 + -38447?
-38527
In base 8, what is -277 + 236144?
235645
In base 11, what is -1540a84 + 2?
-1540a82
In base 8, what is -22647 - -7233?
-13414
In base 7, what is -41324254 - 11?
-41324265
In base 8, what is 0 - 413661?
-413661
In base 15, what is -4 + -539e60?
-539e64
In base 5, what is 1 + 3412140303?
3412140304
In base 7, what is 562331515 - -3?
562331521
In base 11, what is 9 + -200677?
-200669
In base 2, what is -1010 - 110011111100000010001011?
-110011111100000010010101
In base 13, what is -6bb4 + 2049?
-4b68
In base 13, what is ba - 4b307?
-4b21a
In base 9, what is 42 - -331602?
331644
In base 14, what is -3261a + 87?
-32573
In base 12, what is 21620 + 313?
21933
In base 10, what is -3034 + -2677?
-5711
In base 8, what is -200 + 14372?
14172
In base 13, what is -6ca59ab - 4?
-6ca59b2
In base 12, what is 1 + -91080b3b?
-91080b3a
In base 2, what is -1010001010110010101111 + -1?
-1010001010110010110000
In base 11, what is -49743a + 40?
-4973aa
In base 11, what is 253728a - -3?
2537292
In base 14, what is 1156da62 - -3?
1156da65
In base 12, what is 6 + 203345b?
2033465
In base 16, what is -42a6 + 13f?
-4167
In base 10, what is -2532 + 6237?
3705
In base 9, what is 1314 + -17513?
-16188
In base 5, what is -4433021 - -1333?
-4431133
In base 5, what is 323 + -313224000?
-313223122
In base 8, what is -102 + -105531?
-105633
In base 2, what is 101101100011101001111111 + 0?
101101100011101001111111
In base 14, what is b53 - -1294?
2007
In base 16, what is 6 + -350839f?
-3508399
In base 2, what is 100010110111111100 + -100001100111?
100010010110010101
In base 16, what is -6a25109 - -4?
-6a25105
In base 2, what is 10101110010001000 + -1?
10101110010000111
In base 6, what is -54414230 - -23?
-54414203
In base 2, what is -101001011011001011001000101 + 100?
-101001011011001011001000001
In base 10, what is 62 + 185382?
185444
In base 7, what is -443 - 210442?
-211215
In base 11, what is 340577 - 4a?
340528
In base 5, what is 13331 + 134412?
203243
In base 5, what is -443441 - 4101413?
-10100404
In base 5, what is 4412321 - 3033?
4404233
In base 12, what is 1181 - 7978?
-67b7
In base 7, what is -261 - 26325?
-26616
In base 10, what is 1 + -17386884?
-17386883
In base 6, what is 1054 - -14400133?
14401231
In base 3, what is 222 + 1000012221011211?
1000012221012210
In base 6, what is -35441 + -1425?
-41310
In base 12, what is -46014aa + -1?
-46014ab
In base 6, what is 21325 + -33430?
-12101
In base 10, what is 2311493 - -9?
2311502
In base 9, what is -1108337 - -111?
-1108226
In base 16, what is b7 - -183261?
183318
In base 3, what is -11 + -220211200121212?
-220211200122000
In base 9, what is -128173 - -425?
-127647
In base 3, what is -11120022021122100 + 22?
-11120022021122001
In base 15, what is -57 + 7e304?
7e29c
In base 12, what is 614417 + -434?
613ba3
In base 15, what is 28b0 + 685b?
921b
In base 3, what is 12001220210021211 - -11?
12001220210021222
In base 4, what is 2032310 - -3213?
2102123
In base 15, what is 639e15 - -21?
639e36
In base 11, what is -a8a2a3 + -4?
-a8a2a7
In base 3, what is 10022022220 - 11?
10022022202
In base 11, what is 1188 - -1628?
2805
In base 15, what is 36a + ac2a7?
ac622
In base 2, what is -10011111110001 - 101111101?
-10100101101110
In base 4, what is -3303 - -123323233?
123313330
In base 4, what is 1110213 + 13202?
1130021
In base 11, what is 14 - -57110?
57124
In base 9, what is -3637434 - -14?
-3637420
In base 11, what is -1a656547 + -8?
-1a656554
In base 2, what is -100000100011 - 1101011000?
-101101111011
In base 15, what is da + -1dcc71?
-1dcb86
In base 7, what is 5 + 404166603?
404166611
In base 5, what is -1302 + 1122030313?
1122024011
In base 7, what is -2110636 + -531?
-2111500
In base 10, what is 2571 + 8722?
11293
In base 3, what is -200110220 - -10022220?
-120011000
In base 14, what is 4 - -73b6a6?
73b6aa
In base 4, what is -1102020 + -13003110?
-20111130
In base 5, what is 12144210 - 33?
12144122
In base 15, what is -6 - -249a3c?
249a36
In base 6, what is -1525 - -1511053?
1505124
In base 9, what is 3416136 + -3?
3416133
In base 15, what is -8a1720b3 - -4?
-8a1720ae
In base 8, what is -347363 + 6032?
-341331
In base 4, what is 23121 + 1210101?
1233222
In base 7, what is 11663454 - 53?
11663401
In base 9, what is 20408276 - -3?
20408280
In base 7, what is -214014 + 454?
-213230
In base 10, what is -4 - 304007701?
-304007705
In base 7, what is 35245202 - 3?
35245166
In base 15, what is 1 - -1dacdb?
1dacdc
In base 7, what is -115503515 - -11?
-115503504
In base 4, what is 232210 - -123102312?
130001122
In base 9, what is -12 - -1088805?
1088783
In base 16, what is -d + 2fba23?
2fba16
In base 2, what is -101010 - 11100011000011100?
-11100011001000110
In base 4, what is 11 - 22303213230?
-22303213213
In base 12, what is 390 - -1a101?
1a491
In base 9, what is 34 - -465575?
465620
In base 7, what is -5 - -1516130223?
151613